{"id":39,"date":"2016-02-16T11:44:54","date_gmt":"2016-02-16T10:44:54","guid":{"rendered":"http:\/\/test.associazionedariosimonetti.org\/?page_id=39"},"modified":"2025-12-22T14:29:24","modified_gmt":"2025-12-22T13:29:24","slug":"prenotazioni","status":"publish","type":"page","link":"http:\/\/elbacasavacanza.it\/fr\/prenotazioni\/","title":{"rendered":"r\u00e9servations"},"content":{"rendered":"<p><a href=\"http:\/\/elbacasavacanza.it\/wp-content\/uploads\/2018\/02\/01-Ragazzi-di-Patresi.jpg\" rel=\"lightbox[39]\"><img decoding=\"async\" loading=\"lazy\" class=\"aligncenter size-full wp-image-212\" src=\"http:\/\/elbacasavacanza.it\/wp-content\/uploads\/2018\/02\/01-Ragazzi-di-Patresi.jpg\" alt=\"\" width=\"697\" height=\"464\" srcset=\"http:\/\/elbacasavacanza.it\/wp-content\/uploads\/2018\/02\/01-Ragazzi-di-Patresi.jpg 697w, http:\/\/elbacasavacanza.it\/wp-content\/uploads\/2018\/02\/01-Ragazzi-di-Patresi-300x200.jpg 300w, http:\/\/elbacasavacanza.it\/wp-content\/uploads\/2018\/02\/01-Ragazzi-di-Patresi-695x464.jpg 695w\" sizes=\"(max-width: 697px) 100vw, 697px\" \/><\/a><\/p>\n<p>R\u00e9servations:<\/p>\n<p><a href=\"https:\/\/widget.holiduhost.com\/widget\/e8bd8002-5f62-400b-a39a-6827f3aec735?standalone=1\" target=\"_blank\" rel=\"noopener\"><img decoding=\"async\" loading=\"lazy\" class=\" wp-image-651 alignnone\" src=\"http:\/\/elbacasavacanza.it\/wp-content\/uploads\/2025\/12\/5a8302f3abc3d121aba71220.jpg\" alt=\"\" width=\"201\" height=\"73\" srcset=\"http:\/\/elbacasavacanza.it\/wp-content\/uploads\/2025\/12\/5a8302f3abc3d121aba71220.jpg 499w, http:\/\/elbacasavacanza.it\/wp-content\/uploads\/2025\/12\/5a8302f3abc3d121aba71220-300x109.jpg 300w\" sizes=\"(max-width: 201px) 100vw, 201px\" \/><\/a><\/p>\n<p><span id=\"result_box\" class=\"short_text\" lang=\"fr\"><span class=\"\">Pour plus d&rsquo;informations \u00e9crire \u00e0:<br \/>\n<\/span><\/span><\/p>\n<p><strong>elbacasavacanza@gmail.com<\/strong><\/p>\n<p><span id=\"result_box\" class=\"short_text\" lang=\"fr\"><span class=\"\">ou appel:<\/span><\/span><\/p>\n<p><strong>+39 3357826785<\/strong><\/p>\n<p><strong>+39 3200864747<\/strong><\/p>","protected":false},"excerpt":{"rendered":"<p>R\u00e9servations: Pour plus d&rsquo;informations \u00e9crire \u00e0: elbacasavacanza@gmail.com ou appel: +39 3357826785 +39 3200864747<\/p>\n","protected":false},"author":1,"featured_media":0,"parent":0,"menu_order":0,"comment_status":"closed","ping_status":"closed","template":"","meta":{"spay_email":""},"jetpack_sharing_enabled":true,"_links":{"self":[{"href":"http:\/\/elbacasavacanza.it\/fr\/wp-json\/wp\/v2\/pages\/39"}],"collection":[{"href":"http:\/\/elbacasavacanza.it\/fr\/wp-json\/wp\/v2\/pages"}],"about":[{"href":"http:\/\/elbacasavacanza.it\/fr\/wp-json\/wp\/v2\/types\/page"}],"author":[{"embeddable":true,"href":"http:\/\/elbacasavacanza.it\/fr\/wp-json\/wp\/v2\/users\/1"}],"replies":[{"embeddable":true,"href":"http:\/\/elbacasavacanza.it\/fr\/wp-json\/wp\/v2\/comments?post=39"}],"version-history":[{"count":20,"href":"http:\/\/elbacasavacanza.it\/fr\/wp-json\/wp\/v2\/pages\/39\/revisions"}],"predecessor-version":[{"id":661,"href":"http:\/\/elbacasavacanza.it\/fr\/wp-json\/wp\/v2\/pages\/39\/revisions\/661"}],"wp:attachment":[{"href":"http:\/\/elbacasavacanza.it\/fr\/wp-json\/wp\/v2\/media?parent=39"}],"curies":[{"name":"wp","href":"https:\/\/api.w.org\/{rel}","templated":true}]}}

réservations

<p><a href="http://elbacasavacanza.it/wp-content/uploads/2018/02/01-Ragazzi-di-Patresi.jpg" rel="lightbox[39]"><img decoding="async" loading="lazy" class="aligncenter size-full wp-image-212" src="http://elbacasavacanza.it/wp-content/uploads/2018/02/01-Ragazzi-di-Patresi.jpg" alt="" width="697" height="464" srcset="http://elbacasavacanza.it/wp-content/uploads/2018/02/01-Ragazzi-di-Patresi.jpg 697w, http://elbacasavacanza.it/wp-content/uploads/2018/02/01-Ragazzi-di-Patresi-300x200.jpg 300w, http://elbacasavacanza.it/wp-content/uploads/2018/02/01-Ragazzi-di-Patresi-695x464.jpg 695w" sizes="(max-width: 697px) 100vw, 697px" /></a></p>
<p>Réservations:</p>
<p><a href="https://widget.holiduhost.com/widget/e8bd8002-5f62-400b-a39a-6827f3aec735?standalone=1" target="_blank" rel="noopener"><img decoding="async" loading="lazy" class=" wp-image-651 alignnone" src="http://elbacasavacanza.it/wp-content/uploads/2025/12/5a8302f3abc3d121aba71220.jpg" alt="" width="201" height="73" srcset="http://elbacasavacanza.it/wp-content/uploads/2025/12/5a8302f3abc3d121aba71220.jpg 499w, http://elbacasavacanza.it/wp-content/uploads/2025/12/5a8302f3abc3d121aba71220-300x109.jpg 300w" sizes="(max-width: 201px) 100vw, 201px" /></a></p>
<p><span id="result_box" class="short_text" lang="fr"><span class="">Pour plus d&rsquo;informations écrire à:<br />
</span></span></p>
<p><strong>elbacasavacanza@gmail.com</strong></p>
<p><span id="result_box" class="short_text" lang="fr"><span class="">ou appel:</span></span></p>
<p><strong>+39 3357826785</strong></p>
<p><strong>+39 3200864747</strong></p>

<p>Réservations: Pour plus d&rsquo;informations écrire à: elbacasavacanza@gmail.com ou appel: +39 3357826785 +39 3200864747</p>
